 3 + 3. Let f be (w/(-9)*-3)/1. What is the units digit of (-72)/(-30) - f/5?
2
Let s be 4/(-3) - 8/12. Let n = 15 - s. What is the tens digit of n?
1
Let a(p) = -p**2 - 5*p - 2. Let s be a(-5). Let x = -1 + 11. Let i = s + x. What is the units digit of i?
8
Let i = -14 + 20. Let s(o) = 2*o - 8. Let r be s(i). Suppose 0 = 5*c, v + r = -3*c + 16. What is the tens digit of v?
1
Suppose -4*g + i = -3*i, -i = 0. Let y = -2 - -12. Suppose g = -3*h + 5*h - y. What is the units digit of h?
5
Let b(x) = -x**3 - 8*x**2 - 3*x - 6. What is the units digit of b(-9)?
2
Suppose -3*y - 5 = -g, 8*g - 5*g - 3*y = 45. Suppose g = q + q. What is the units digit of q?
0
Let s(t) = -27*t - 19. What is the units digit of s(-4)?
9
Suppose 13 + 18 = 4*v - 3*r, 6 = -v - 2*r. Suppose -7 = 6*j + 5. Let o = v - j. What is the units digit of o?
6
Let o = 47 + 9. What is the units digit of o?
6
Suppose -5*z - 13 = -63. Let l = z + -7. What is the units digit of l?
3
Let z = -77 + 113. What is the units digit of 8/z + (-70)/(-9)?
8
Let n = 53 + -22. What is the units digit of n?
1
Suppose 2*g + 188 = 6*g. Suppose 0 = 5*a + l - g, 3*l - 19 = -a - 2*l. What is the units digit of a?
9
What is the tens digit of (6/(-10) + 1)/(2/330)?
6
Suppose -29 = -3*b + 58. What is the units digit of b?
9
Suppose 4*f + 63 - 455 = 0. What is the tens digit of f?
9
Suppose -9 = -5*c - x, -c - 1 = -0*c + 3*x. Suppose -3*j + 11 = -2*h, -c*h - h + 2*j = 4. What is the units digit of h?
2
Let g = -1 - 26. Let t = g + 62. What is the units digit of t?
5
Let z(i) = 7*i**3 + 2*i - 4*i + 2*i**2 - 3 - 5*i**3. Let u be z(-2). Let h = u + 11. What is the units digit of h?
4
Let c be 2 + 0 + 0/4. Suppose b + 92 = 4*z - 2*b, 3*z - 52 = -c*b. What is the tens digit of z?
2
What is the units digit of ((-9)/(-4))/1*16?
6
Suppose 2*l = 50 + 14. Suppose -l = -3*i - i. What is the units digit of i/(-20) - (-14)/10?
1
What is the hundreds digit of (-10)/5 + 5 + 351?
3
Let a(x) = 11*x + 4. Let b be a(3). Suppose 4*v - 19 - b = 0. What is the units digit of v?
4
Suppose -5*p - 8 = 2. Suppose m - 24 = 5*m. What is the tens digit of (p/m)/(2/114)?
1
Suppose 4*a + 2*d = 70 + 54, 3*a - 93 = -d. What is the tens digit of a?
3
Let y(a) be the second derivative of 4*a - 3/2*a**2 - 1/20*a**5 + 1/3*a**4 + 1/2*a**3 + 0. What is the units digit of y(4)?
9
Let h(i) = i**2. Let d be (3/(-2) + 1)*0. Suppose 5*u + 4*q + 17 = d, -2*u + 10 = -3*q + 3. What is the units digit of h(u)?
1
Let i(s) = 7*s**2 - s - 6*s - 3*s**3 + 0*s**3 + 2*s**3 + 3. Let x be i(6). Let u = 4 + x. What is the units digit of u?
1
Let w(u) = -u**3 - u**2 + u + 14. What is the units digit of w(0)?
4
Let s be 11/(-9) + 4/18. Let w be (3 - -1) + s + 3. What is the units digit of 38/w + 2/(-6)?
6
Suppose 0 = -p + 3*p + 12. Let c be ((-8)/(-6))/(2/p). What is the tens digit of c/6*(-78)/4?
1
Suppose 2*n + h - 6 - 2 = 0, 4*h + 46 = 5*n. Suppose -2*j + 6*z - z - 20 = 0, n = -2*j - 2*z. What is the units digit of (-1*1)/(j/35)?
7
Let c(q) = q**3 - 7*q**2 - q + 4. Let d be c(7). What is the units digit of (d + 6 + -1)/1?
2
Let c(u) = 11*u**2 + 1. Let p(x) = x - 6. Let f be p(5). Let j be c(f). Let s = -2 + j. What is the units digit of s?
0
Let r(u) = -u - 2. Let h be r(-6). Suppose 0 = 2*x - h. What is the units digit of (0 - x)/(6/(-9))?
3
Let a = 55 - 32. What is the units digit of a?
3
Let s(k) = 9*k. Let p be s(5). Suppose -m = -5*d + p, 11 - 29 = -2*d + 2*m. What is the units digit of d?
9
Suppose -3 = g - 3*v, 3*g - 5 - 6 = -v. Suppose -7 = -k - g*y, k - 9 = -k - 5*y. Let a(d) = -d**3 - 9*d**2 - 9*d. What is the units digit of a(k)?
8
Let f(z) = z**3 - 6*z**2 + 2*z + 3. Let c(m) = -m - 7. Let k be c(-7). Let g = k - -6. What is the tens digit of f(g)?
1
Suppose -5*m + 2*l + 60 + 108 = 0, 5*m + 3*l = 173. What is the units digit of m?
4
Suppose 2*b - 5 = r, -r + 23 = 5*b - 0. What is the units digit of b?
4
Suppose 6*c + 100 = 8*c. Suppose -b - z - 1 = 0, 4 = -0*b - b - 2*z. Suppose b*j - c = -3*j. What is the tens digit of j?
1
Let h be (3 + -77)*(0 + -1). What is the tens digit of (-5)/(-10) + h/4?
1
Let i = 90 + -40. What is the units digit of i?
0
Suppose 5*m = -4*a + 90, 0*a - 52 = -3*a + 4*m. What is the units digit of a?
0
Suppose 15*v = 180 + 195. What is the tens digit of v?
2
Let q = -60 - 34. Let y = -49 - q. What is the units digit of y?
5
Suppose 6*h + 8 = 2*h. Let y be 12*(h - 24/(-9)). Let b = 11 - y. What is the units digit of b?
3
Suppose -92 = -6*y + 3*y + a, 2*y - 56 = 2*a. Let i = y - 9. What is the tens digit of i?
2
Let z be 4/8 - (-6)/4. Suppose 2*n + z*n = 0. Suppose n = 4*u - 16. What is the units digit of u?
4
Suppose 0 - 4 = -2*v. Let w(z) = 9*z - 3 + v*z**2 - 5*z**3 + 4 - 7*z. What is the units digit of w(-1)?
6
Suppose -m - m + 2 = 0, -2*h + 5 = m. What is the tens digit of -20*6/(-4) - h?
2
Suppose -3*f - 5*d = -49, 2*f + 2*d = -d + 34. What is the tens digit of f?
2
Let h(i) = i**2 + 3*i - 4. Let n be h(-4). Let p be (-2)/((-140)/44 + 3). What is the tens digit of (p/(n - -1))/1?
1
What is the tens digit of (3 - (64/6 + -2))*-3?
1
Suppose -8 + 6 = -y. Suppose -2*j + 3*z = -33, j - 11 - y = 5*z. What is the units digit of j?
8
Suppose -5 = -j, 2*j = -5*l - 0*j - 5. Let c(z) = z - 3. Let m be c(l). What is the units digit of (-32)/m - (-4)/6?
6
Suppose 0*b = 5*b + 4*u - 799, 3*b - 478 = -u. What is the units digit of b?
9
Let f(r) = 2*r**2 - 3*r - 9. What is the tens digit of f(-5)?
5
Let d(h) be the third derivative of 5*h**4/24 - 7*h**2. Suppose -6*s + 23 = -2*s - 3*o, 5 = -o. What is the units digit of d(s)?
0
Let x be (-20)/(-3)*36/30. Suppose -15 = g - x. Let j = g - -11. What is the units digit of j?
4
Suppose 0 = 4*b + x + 3*x + 24, 23 = -5*b + 2*x. What is the units digit of (-10)/b*(-1 + 9)?
6
Let r(f) = f + 1. Let d be r(5). Let h = d + 4. What is the units digit of h?
0
Suppose -5*i - 39 = -2*k + 287, 0 = -5*k - 4*i + 782. What is the hundreds digit of k?
1
Suppose -x + f - 4 = 2, 5*f - 15 = 0. Let v(s) = -s**3 - 2*s**2 + 3*s + 4. What is the units digit of v(x)?
4
Let f(k) = -22*k + 2. Suppose -4*j - 5 + 1 = 0. What is the units digit of f(j)?
4
Suppose -n - 4*n = -5*x - 40, 5*n + 10 = -5*x. Let w be (x - 2)/(1 + -2). Suppose w*m - 3*m - 8 = -b, -5*b = 20. What is the units digit of m?
3
Suppose -9*p - 4*l + 424 = -5*p, 0 = 2*p - 4*l - 230. What is the hundreds digit of p?
1
Suppose -3 = -w, f + 359 = 3*f - 3*w. What is the hundreds digit of f?
1
Suppose -4*g = -4*r - 0*g + 12, 2*r + g - 9 = 0. What is the units digit of (2 - 16)*(-2)/r?
7
Let t(o) = o**3 - 7*o**2 - 6*o - 6. Let m be t(8). Let a(r) = r**2 - 10*r + 14. What is the units digit of a(m)?
4
What is the units digit of 194/22 + (-6)/(-33)?
9
Let r = 12 - -4. What is the tens digit of r?
1
Let x(t) = -3 + 5 - 6 + 4*t - 5. Let d be x(7). Let n = d + -10. What is the units digit of n?
9
Suppose 6 = -c + 70. What is the tens digit of c?
6
Let g(l) = 13*l**2 + 7*l + 2. What is the units digit of g(-2)?
0
Let x(s) = s**3 + 3*s**2 - 2*s + 2. Let y be x(-3). Let b = -1 - 5. Let c = y + b. What is the units digit of c?
2
Let u be 4/(-3*(-4)/(-18)). Let y be 2/u - 30/(-9). Suppose b = -2*o + 6*b + 51, -4*o = -y*b - 67. What is the tens digit of o?
1
What is the units digit of (-3)/(-18) + 102/36?
3
Suppose -1 - 2 = -o. Let p(i) = 13*i + 1. What is the tens digit of p(o)?
4
Let z be (4/(-3))/(2/3). What is the units digit of (1 - 2) + z - -6?
3
Let i(m) = 2*m**3 - 8*m**2 - 4*m + 3. What is the units digit of i(6)?
3
Suppose -4*y - 300 = -8*y. What is the units digit of y?
5
Suppose 0 = 2*a - 91 - 109. Suppose 0 = 3*j - a - 29. Suppose 12 = 3*l, -3*o + j = 5*l - 7. What is the tens digit of o?
1
Let k(q) = -24*q. Let u be k(-2). What is the tens digit of (-4 + u + 3)*1?
4
Let i = 8 + -6. Let z = i - -6. What is the units digit of z?
8
Let g(o) = -2*o - 4. Let y be g(3). What is the units digit of (-12)/y*(-600)/(-16)?
5
Suppose -5*t - 124 = -4*w + 88, 3*w - 159 = -4*t. What is the tens digit of w?
5
Suppose u + 16 = g - 2*g, -4*g = 3*u + 62. Let b = g + 23. What is the units digit of b?
9
Suppose 2*c - 15 = 3. Suppose 5*d + 30 = -i + c, -i = -d - 3. What is the tens digit of i/((-1)/12)*1?
1
Let a(m) = -52*m - 14. What is the units digit of a(-4)?
4
Suppose 4*p - 12 